{"id":8,"date":"2015-06-26T19:19:14","date_gmt":"2015-06-26T19:19:14","guid":{"rendered":"http:\/\/www.cycadgroup.org\/?page_id=8"},"modified":"2024-08-19T12:37:32","modified_gmt":"2024-08-19T12:37:32","slug":"cycad-specialist-group-members","status":"publish","type":"page","link":"https:\/\/www.cycadgroup.org\/?page_id=8","title":{"rendered":"Cycad Specialist Group Members (2024)"},"content":{"rendered":"\n<table id=\"tablepress-2\" class=\"tablepress tablepress-id-2\">\n<thead>\n<tr class=\"row-1\">\n\t<th class=\"column-1\">CSG Members<\/th>\n<\/tr>\n<\/thead>\n<tbody class=\"row-striping row-hover\">\n<tr class=\"row-2\">\n\t<td class=\"column-1\"><b>Alan Meerow<\/b><br \/>\n&#x67;&#x72;&#x69;&#x66;&#102;&#105;&#110;ia&#x40;&#x67;&#x6d;&#x61;&#x69;&#108;&#46;&#99;om<br \/>\nMontgomery Botanical Center<br \/>\nMiami, Florida, U.S.A.<\/td>\n<\/tr>\n<tr class=\"row-3\">\n\t<td class=\"column-1\"><b>Alberto Taylor<\/b><br \/>\n&#x61;&#x73;&#x69;&#x64;&#110;&#101;yb&#64;&#x67;&#x6d;&#x61;&#x69;&#108;&#46;com<br \/>\nFacultad de Ciencias Naturales, Exactas y Tecnolog\u00eda<br \/>\nUniversidad de Panam\u00e1<br \/>\nPanam\u00e1, Panam\u00e1<br \/>\n<\/td>\n<\/tr>\n<tr class=\"row-4\">\n\t<td class=\"column-1\"><b>Alicia Wain<\/b><br \/>\nEcologia<br \/>\n&#x77;a&#x69;&#110;a&#x40;&#101;&#x63;&#x6f;l&#x6f;&#103;i&#x63;&#97;&#x63;&#111;n&#x73;&#117;l&#x74;&#105;&#x6e;&#103;&#46;&#x63;&#111;&#x6d;&#x2e;a&#x75;<\/td>\n<\/tr>\n<tr class=\"row-5\">\n\t<td class=\"column-1\"><b>Anders Lindstrom<\/b><br \/>\n&#x61;&#106;l&#x69;&#x6e;&#100;s&#x74;&#x72;&#111;m&#x37;&#49;&#64;&#x67;&#x6d;&#97;i&#x6c;&#x2e;&#99;o&#x6d;<br \/>\nNong Nooch Tropical Botanical Garden<br \/>\nSattahip, Chonburi, Thailand<\/td>\n<\/tr>\n<tr class=\"row-6\">\n\t<td class=\"column-1\"><b>Andrew Vovides<\/b><br \/>\n&#97;&#x6e;d&#114;&#x65;w&#x2e;&#x76;&#111;&#x76;i&#100;&#x65;s&#64;&#x69;&#110;&#x65;c&#111;&#x6c;&#46;&#109;&#x78;<br \/>\nLaboratorio de Biolog\u00eda Evolutiva<br \/>\nInstituto de Ecolog\u00eda, A.C.<br \/>\nXalapa, Veracruz, Mexico<\/td>\n<\/tr>\n<tr class=\"row-7\">\n\t<td class=\"column-1\"><b>Ang\u00e9lica Cibrian Jaramillo<\/b><br \/>\n&#x61;&#x63;&#105;b&#x72;&#x69;&#97;&#110;&#64;&#x6c;&#x61;&#110;&#103;e&#x62;&#x69;&#111;&#46;c&#x69;&#x6e;&#118;e&#x73;&#x74;&#97;&#118;&#46;&#x6d;&#x78; <br \/>\nLangebio Cinvestav<br \/>\nGuanajuato, M\u00e9xico<\/td>\n<\/tr>\n<tr class=\"row-8\">\n\t<td class=\"column-1\"><b>Anita Varghese<\/b><br \/>\n&#x61;&#110;i&#x74;&#x61;&#64;k&#x65;&#x79;&#115;t&#x6f;&#110;e&#x2d;&#x66;&#111;u&#x6e;&#x64;&#97;t&#x69;&#111;&#110;&#x2e;&#x6f;&#114;g<br \/>\nKeystone Foundation<br \/>\nNilgiris District, Tamil Nadu, India<\/td>\n<\/tr>\n<tr class=\"row-9\">\n\t<td class=\"column-1\"><b>Benjamin Deloso<\/b><br \/>\nUniversity of Guam<br \/>\nd&#101;&#108;&#x6f;&#x73;&#x6f;b&#64;&#116;&#114;&#x69;&#x74;&#x6f;n&#46;&#117;&#111;&#x67;&#x2e;&#x65;d&#117;<\/td>\n<\/tr>\n<tr class=\"row-10\">\n\t<td class=\"column-1\"><b>Brian Dorsey<\/b><br \/>\nThe Huntington Library, Art Collections and Botanical Gardens <br \/>\n&#x62;&#100;o&#x72;&#x73;&#101;y&#x40;&#x68;&#117;n&#x74;&#x69;&#110;g&#x74;&#x6f;&#110;&#46;&#x6f;&#114;&#103; <\/td>\n<\/tr>\n<tr class=\"row-11\">\n\t<td class=\"column-1\"><b>Chip Jones<\/b><br \/>\n&#99;&#x68;&#105;&#x70;j&#x6f;n&#101;&#x73;&#49;&#x34;&#64;&#x67;m&#x61;i&#108;&#x2e;&#99;&#x6f;m<\/td>\n<\/tr>\n<tr class=\"row-12\">\n\t<td class=\"column-1\"><b>Christopher Krieg<\/b><br \/>\nDept of Botany, UW Madison<br \/>\n&#99;&#x68;r&#x69;&#x73;&#116;&#x6f;p&#x68;&#x65;&#114;&#x2e;p&#x2e;&#x6b;&#114;&#x69;e&#x67;&#x40;&#103;&#x6d;a&#x69;&#x6c;&#46;&#x63;o&#x6d; <\/td>\n<\/tr>\n<tr class=\"row-13\">\n\t<td class=\"column-1\"><b>Christy Powell<\/b><br \/>\nSan Diego Zoo Global<br \/>\n&#x63;&#112;o&#x77;&#x65;&#108;l&#x40;&#x73;&#97;n&#x64;&#105;e&#x67;&#x6f;&#122;o&#x6f;&#x2e;&#111;r&#x67;<br \/>\nSan Diego, California, USA<\/td>\n<\/tr>\n<tr class=\"row-14\">\n\t<td class=\"column-1\"><b>Cristina Lopez-Gallego<\/b><br \/>\n&#x63;l&#x6f;&#112;e&#x7a;&#103;&#x61;&#108;l&#x65;&#103;&#x6f;&#64;g&#x6d;&#97;&#x69;&#x6c;&#46;&#x63;&#111;m<br \/>\nInstituto de Biolog\u00eda<br \/>\nUniversidad de Antioquia<br \/>\nMedell\u00edn, Antioquia, Colombia<\/td>\n<\/tr>\n<tr class=\"row-15\">\n\t<td class=\"column-1\"><b>De Wet B\u00f6senberg<\/b><br \/>\n&#x44;&#x2e;&#66;&#111;se&#x6e;&#x62;&#x65;&#114;g&#64;&#x73;&#x61;&#x6e;&#98;&#105;&#46;&#x6f;&#x72;&#x67;&#46;&#122;a<br \/>\nSouth African National Biodiversity Institute<br \/>\nKirstenbosch National Botanical Garden<br \/>\nCape Town, South Africa<\/td>\n<\/tr>\n<tr class=\"row-16\">\n\t<td class=\"column-1\"><b>Dennis Stevenson<\/b><br \/>\n&#100;&#x77;&#115;&#x40;&#110;&#x79;b&#x67;&#46;&#x6f;r&#103;<br \/>\nThe New York Botanical Garden<br \/>\nBronx, New York, U.S.A.<\/td>\n<\/tr>\n<tr class=\"row-17\">\n\t<td class=\"column-1\"><b>Doris Francis<\/b><br \/>\n&#100;&#x66;r&#97;&#x6e;c&#105;&#x73;7&#64;&#x65;a&#114;&#x74;h&#108;&#x69;n&#107;&#x2e;n&#101;&#x74;<\/td>\n<\/tr>\n<tr class=\"row-18\">\n\t<td class=\"column-1\"><b>Esperanza M. Agoo<\/b><br \/>\n&#101;s&#x70;e&#x72;a&#x6e;&#122;&#x61;&#46;&#x61;&#103;o&#x6f;&#64;&#x64;l&#x73;&#117;&#x2e;&#101;&#x64;&#117;&#x2e;&#112;h<br \/>\nBiology Department<br \/>\nDe La Salle University<br \/>\nManila, Philippines<\/td>\n<\/tr>\n<tr class=\"row-19\">\n\t<td class=\"column-1\"><b>Fernando Nicolalde-Morej\u00f3n<\/b><br \/>\n&#101;&#x6e;&#105;&#x63;&#111;&#x6c;&#97;&#x6c;&#100;&#x65;&#64;&#x75;&#118;&#x2e;&#109;&#x78;<br \/>\nInstituto de Investigaciones Biol\u00f3gicas<br \/>\nUniversidad Veracruzana<br \/>\nXalapa, Veracruz, Mexico<\/td>\n<\/tr>\n<tr class=\"row-20\">\n\t<td class=\"column-1\"><b>Gabriel Brull Puebla<\/b><br \/>\n&#99;&#x6f;n&#115;&#x2e;d&#105;&#x72;e&#99;&#x74;o&#114;&#x40;&#117;&#x61;&#x2e;&#102;&#x66;&#x61;&#117;&#x6e;a&#46;&#x63;u<br \/>\nEmpresa Nacional para la Protecci\u00f3n de la Flora y la Fauna (ENPFF)<br \/>\nMINAG<br \/>\nCuba<\/td>\n<\/tr>\n<tr class=\"row-21\">\n\t<td class=\"column-1\"><b>Irene Terry<\/b><br \/>\ni&#114;&#101;&#x6e;&#x65;&#46;t&#101;&#114;&#x72;&#x79;&#64;u&#116;&#97;&#x68;&#x2e;ed&#117;<br \/>\nDepartment of Biology<br \/>\nUniversity of Utah<br \/>\nSalt Lake City, Utah, U.S.A.<\/td>\n<\/tr>\n<tr class=\"row-22\">\n\t<td class=\"column-1\"><b>J. S. Khuraijam<\/b><br \/>\n&#x6a;&#115;&#107;h&#x75;&#x72;&#97;i&#x6a;&#x61;&#109;&#64;y&#x61;&#104;&#111;o&#x2e;&#x63;&#111;m<br \/>\nBotanic Garden<br \/>\nCSIR-National Botanical Research Institute<br \/>\nLucknow, India<\/td>\n<\/tr>\n<tr class=\"row-23\">\n\t<td class=\"column-1\"><b>James Clugston<\/b><br \/>\n&#x6a;&#x2e;&#x63;&#108;&#117;gs&#x74;&#x6f;&#x6e;&#x40;&#119;&#101;st&#x65;&#x72;&#x6e;&#115;&#121;&#100;ne&#x79;&#x2e;&#x65;&#100;&#117;&#46;a&#x75;<br \/>\nNational Herbarium of New South Wales Botanic Gardens <br \/>\n&amp; Centennial Parklands<br \/>\nSydney, New South Wales, Australia<\/td>\n<\/tr>\n<tr class=\"row-24\">\n\t<td class=\"column-1\"><b>Javier Francisco-Ortega<\/b><br \/>\no&#114;&#x74;&#x65;g&#97;&#106;&#x40;&#x66;i&#117;&#x2e;&#x65;d&#117;<br \/>\nDepartment of Biological Sciences<br \/>\nFlorida International University<br \/>\nMiami, Florida, U.S.A.<br \/>\n<br \/>\nFairchild Tropical Botanical Garden<br \/>\nMiami, Florida, U.S.A.<\/td>\n<\/tr>\n<tr class=\"row-25\">\n\t<td class=\"column-1\"><b>Jeff Chemnick<\/b><br \/>\n&#106;&#x65;f&#102;&#x63;h&#101;&#x6d;n&#105;&#x63;k&#64;&#x63;&#111;&#x78;&#x2e;&#110;&#x65;&#x74;<br \/>\nSanta Barbara<br \/>\nCalifornia, U.S.A.<\/td>\n<\/tr>\n<tr class=\"row-26\">\n\t<td class=\"column-1\"><b>John Donaldson<\/b><br \/>\nc&#121;&#x63;&#x61;d&#115;&#x67;&#x40;g&#109;&#97;&#x69;&#x6c;&#46;&#99;&#x6f;&#x6d;<br \/>\nCape Town, South Africa<\/td>\n<\/tr>\n<tr class=\"row-27\">\n\t<td class=\"column-1\"><b>Jorge Gonz\u00e1lez Astorga<\/b><br \/>\nj&#111;&#114;&#x67;&#x65;&#46;&#103;&#111;&#x6e;&#x7a;&#x61;l&#101;&#122;&#x40;&#x69;ne&#99;&#x6f;&#x6c;&#x2e;m&#120;<br \/>\nLaboratorio de Gen\u00e9tica de Poblaciones<br \/>\nInstituto de Ecolog\u00eda, A. C.<br \/>\nXalapa, Veracruz, Mexico<\/td>\n<\/tr>\n<tr class=\"row-28\">\n\t<td class=\"column-1\"><b>Jorge Mendieta<\/b><br \/>\nm&#101;&#x6e;&#x64;i&#95;&#x6a;&#x61;&#64;&#121;&#x61;&#x68;o&#111;&#x2e;&#x65;s<\/td>\n<\/tr>\n<tr class=\"row-29\">\n\t<td class=\"column-1\"><b>Jos\u00e9 Said Guti\u00e9rrez-Ortega<\/b><br \/>\n&#x6a;&#111;&#x73;&#x65;&#46;&#x67;&#111;&#64;&#x72;&#105;k&#x65;&#110;&#46;&#x6a;&#112;<br \/>\nRIKEN Interdisciplinary Theoretical and Mathematical Sciences Program<br \/>\nWako, Japan<\/td>\n<\/tr>\n<tr class=\"row-30\">\n\t<td class=\"column-1\"><b>Julio Lazcano Lara<\/b><br \/>\n&#106;&#x6c;a&#122;&#x63;a&#110;&#x6f;1&#64;&#x79;a&#104;&#x6f;o&#46;&#x63;o&#109;<br \/>\nDepartamento de Biolog\u00eda<br \/>\nUniversidad de Puerto Rico, R\u00edo Piedras<br \/>\nSan Juan, Puerto Rico<\/td>\n<\/tr>\n<tr class=\"row-31\">\n\t<td class=\"column-1\"><b>Li Nan<\/b><br \/>\n&#x61;&#110;&#100;r&#x65;&#x61;&#108;i&#x31;&#x39;&#57;7&#64;&#x31;&#50;&#54;&#46;&#x63;&#x6f;&#109;<br \/>\nShenzhen Key Lab on Biodiversity of Southern Subtropical Plant Diversity<br \/>\nFairylake Botanical Garden, Shenzhen &amp; CAS<br \/>\nShenzhen, China<\/td>\n<\/tr>\n<tr class=\"row-32\">\n\t<td class=\"column-1\"><b>Maria Ydelia S\u00e1nchez Tinoco<\/b><br \/>\n&#x79;&#x74;&#x69;&#x6e;&#x6f;&#x63;&#x6f;&#64;&#117;&#118;&#46;&#109;x<br \/>\nLaboratorio de Anatom\u00eda Vegetal<br \/>\nInstituto de Investigaciones Biol\u00f3gicas<br \/>\nUniversidad Veracruzana<br \/>\n91000 Xalapa, Veracruz, M\u00e9xico<\/td>\n<\/tr>\n<tr class=\"row-33\">\n\t<td class=\"column-1\"><b>Mark Bonta<\/b><br \/>\n&#x6d;a&#x72;&#107;&#x61;&#x62;o&#x6e;&#116;&#x61;&#x40;y&#x61;&#104;&#x6f;&#x6f;&#46;&#x63;&#111;&#x6d;<br \/>\nPlummer's Hollow Nature Reserve<br \/>\nTyrone, PA 16686 USA<br \/>\n<br \/>\n<\/td>\n<\/tr>\n<tr class=\"row-34\">\n\t<td class=\"column-1\"><b>Michael Calonje<\/b><br \/>\n&#109;&#x69;c&#104;&#x61;e&#108;&#x43;&#64;&#109;&#x6f;n&#116;&#x67;o&#109;&#x65;r&#121;&#x62;o&#116;&#x61;n&#105;&#x63;a&#108;&#x2e;o&#114;&#x67;<br \/>\nMontgomery Botanical Center<br \/>\nCoral Gables, Florida, U.S.A.<\/td>\n<\/tr>\n<tr class=\"row-35\">\n\t<td class=\"column-1\"><b>Miguel P\u00e9rez-Farrera<\/b><br \/>\n&#x70;&#101;&#114;e&#x7a;&#x66;&#97;r&#x72;&#x65;&#114;a&#x6d;&#x40;&#121;a&#x68;&#x6f;&#111;&#46;&#x63;&#x6f;&#109;&#46;&#x6d;&#x78;<br \/>\nHerbario Eizi Matuda (HEM)<br \/>\nInstituto de Ciencias Biol\u00f3gicas<br \/>\nUniversidad de Ciencias y Artes de Chiapas<br \/>\nTuxtla Gutierrez, Chiapas, Mexico<\/td>\n<\/tr>\n<tr class=\"row-36\">\n\t<td class=\"column-1\"><b>Mike Diaz<\/b><br \/>\nSan Diego Zoo Global<br \/>\n&#109;&#100;&#x69;a&#122;&#x40;&#x73;a&#110;&#x64;&#x69;e&#103;&#x6f;&#x7a;o&#111;&#x2e;&#x6f;r&#103;<br \/>\nSan Diego, California, USA<\/td>\n<\/tr>\n<tr class=\"row-37\">\n\t<td class=\"column-1\"><b>Patrick Griffith<\/b><br \/>\n&#x50;&#x61;&#x74;&#114;&#105;&#99;k&#64;&#x6d;&#x6f;&#x6e;&#x74;&#103;&#111;me&#x72;&#x79;&#x62;&#x6f;&#116;&#97;ni&#x63;&#x61;&#x6c;&#x2e;&#111;&#114;&#103;<br \/>\nMontgomery Botanical Center<br \/>\nCoral Gables, Florida, U.S.A.<\/td>\n<\/tr>\n<tr class=\"row-38\">\n\t<td class=\"column-1\"><b>Paul Forster<\/b><br \/>\n&#112;&#x61;u&#x6c;&#x2e;&#102;&#x6f;r&#x73;&#x74;&#101;&#x72;&#64;&#x64;&#x73;&#105;&#x74;i&#x2e;&#x71;&#108;&#x64;&#46;&#x67;&#x6f;&#118;&#x2e;a&#x75;<br \/>\nBrisbane Botanic Gardens<br \/>\nToowong, Queensland, Australia<\/td>\n<\/tr>\n<tr class=\"row-39\">\n\t<td class=\"column-1\"><b>Paul Mills<\/b><br \/>\npmills&#64;lotusland&#46;org<br \/>\nGanna Walska Lotusland<br \/>\nSanta Barbara, California, U.S.A.<\/td>\n<\/tr>\n<tr class=\"row-40\">\n\t<td class=\"column-1\"><b>Phakamani Xaba<\/b><br \/>\np&#46;&#120;&#97;&#x62;&#x61;&#x40;&#x73;an&#98;&#105;&#x2e;&#x6f;&#x72;&#x67;&#46;z&#97;<br \/>\nSouth African National Biodiversity Institute<br \/>\nKirstenbosch National Botanical Garden<br \/>\nCape Town, South Africa<\/td>\n<\/tr>\n<tr class=\"row-41\">\n\t<td class=\"column-1\"><b>Piet Vorster<\/b><br \/>\np&#106;&#x76;&#x6f;&#x72;s&#64;&#x67;&#x6d;&#x61;i&#108;&#x2e;&#x63;&#x6f;m<br \/>\nDepartment of Botany and Zoology<br \/>\nUniversity of Stellenbosch<br \/>\nStellenbosch, South Africa<\/td>\n<\/tr>\n<tr class=\"row-42\">\n\t<td class=\"column-1\"><b>Quentin Luke<\/b><br \/>\nquentinl&#117;&#107;&#101;&#49;&#64;&#103;&#109;&#97;&#105;&#108;&#x2e;&#x63;&#x6f;&#x6d;<br \/>\nEast African Herbarium<br \/>\nNational Museums of Kenya<br \/>\nNairobi, Kenya<\/td>\n<\/tr>\n<tr class=\"row-43\">\n\t<td class=\"column-1\"><b>Ramona Oviedo Prieto<\/b><br \/>\nr&#111;&#x76;&#x69;e&#100;&#111;&#x40;&#x63;e&#110;&#105;&#x61;&#x69;&#46;&#105;&#x6e;&#x66;&#x2e;c&#117;<br \/>\nInstituto de Ecolog\u00eda y Sistem\u00e1tica (CITMA)<br \/>\nCuba<\/td>\n<\/tr>\n<tr class=\"row-44\">\n\t<td class=\"column-1\"><b>Rita Singh<\/b><br \/>\nrita&#115;&#105;&#110;&#103;&#104;&#64;&#105;&#x70;&#x75;&#x2e;&#x61;&#x63;&#x2e;&#x69;&#x6e;<br \/>\nUniversity School of Environment Management<br \/>\nGGS Indraprastha University<br \/>\nNew Delhi, India<\/td>\n<\/tr>\n<tr class=\"row-45\">\n\t<td class=\"column-1\"><b>Rosane Segalla<\/b><br \/>\nInstituto Federal de Educa\u00e7\u00e3o, Ci\u00eancia e Tecnologia de Mato Grosso <br \/>\n&#98;&#x69;&#x6f;s&#101;&#x67;a&#108;&#x6c;a&#64;&#x67;m&#97;&#x69;&#x6c;&#46;&#x63;&#x6f;m <\/td>\n<\/tr>\n<tr class=\"row-46\">\n\t<td class=\"column-1\"><b>Roy Osborne<\/b><br \/>\n&#99;&#x79;&#x63;a&#100;&#x31;0&#49;&#x40;b&#105;&#x67;p&#111;&#x6e;&#x64;&#46;&#x63;&#x6f;m <br \/>\nFounder of Cycad Society of South Africa<\/td>\n<\/tr>\n<tr class=\"row-47\">\n\t<td class=\"column-1\"><b>Santiago Mario V\u00e1zquez Torres<\/b><br \/>\n&#115;&#97;&#x76;&#x61;&#122;&#113;&#x75;&#x65;&#122;&#64;&#x75;&#x76;&#46;&#109;&#x78;<br \/>\nInstituto de Investigaciones Biol\u00f3gicas<br \/>\nUniversidad Veracruzana<br \/>\nXalapa, Veracruz, Mexico<\/td>\n<\/tr>\n<tr class=\"row-48\">\n\t<td class=\"column-1\"><b>Terence Suinyuy<\/b><br \/>\n&#116;&#x73;&#x75;i&#110;&#x79;u&#121;&#x40;&#x67;&#109;&#x61;&#x69;l&#46;&#x63;o&#109;<br \/>\nSchool of Life Sciences<br \/>\nUniversity of KwaZulu-Natal<br \/>\nSouth Africa<\/td>\n<\/tr>\n<tr class=\"row-49\">\n\t<td class=\"column-1\"><b>Thomas Marler<\/b><br \/>\nWestern Pacific Tropical Research Center<br \/>\nUniversity of Guam<br \/>\n&#109;&#x61;r&#108;&#x65;r&#46;&#x75;o&#x67;&#x40;&#103;&#x6d;a&#105;&#x6c;&#46;&#99;&#x6f;m<\/td>\n<\/tr>\n<tr class=\"row-50\">\n\t<td class=\"column-1\"><b>Tien Hiep Nguyen<\/b><br \/>\n&#x68;&#105;&#101;&#x70;&#x2e;&#110;&#103;&#x75;&#x79;&#101;&#110;&#x40;&#x63;&#112;&#99;&#x76;&#x6e;&#46;&#111;&#x72;&#x67;<br \/>\nVietnam Center for Plant Conservation<br \/>\nHa Noi, Vietnam<\/td>\n<\/tr>\n<tr class=\"row-51\">\n\t<td class=\"column-1\"><b>Tim Gregory<\/b><br \/>\n&#x63;&#121;c&#x61;&#100;t&#x69;&#x6d;&#64;&#x67;&#x6d;&#97;i&#x6c;&#46;c&#x6f;&#x6d;<br \/>\nUC Berkeley Botanical Garden<br \/>\nBerkeley, California, U.S.A.<\/td>\n<\/tr>\n<tr class=\"row-52\">\n\t<td class=\"column-1\"><b>Tim Uebergang<\/b><br \/>\nRoyal Botanic Gardens Victoria<br \/>\nTim&#46;Ue&#98;&#101;&#114;&#103;&#97;&#110;&#103;&#x40;&#x72;&#x62;&#x67;&#x2e;&#x76;&#x69;&#x63;&#x2e;&#x67;&#x6f;&#x76;&#46;au<\/td>\n<\/tr>\n<tr class=\"row-53\">\n\t<td class=\"column-1\"><b>Tommie Steyn<\/b><br \/>\nMpumalanga Tourism and Parks Agency<br \/>\n&#x54;&#x6f;&#x6d;&#x6d;&#x69;&#x65;&#x2e;&#x53;&#x74;&#x65;&#x79;&#x6e;&#x40;&#x6d;&#116;&#112;&#97;&#46;&#99;&#111;&#46;&#122;&#97; <\/td>\n<\/tr>\n<tr class=\"row-54\">\n\t<td class=\"column-1\"><b>Tracy Magellan<\/b><br \/>\n&#x74;&#x72;&#x61;&#x63;&#x79;&#x6d;&#x40;&#x6d;&#x6f;&#x6e;&#x74;&#x67;&#x6f;&#x6d;&#x65;&#x72;&#x79;&#x62;&#x6f;&#x74;&#x61;&#x6e;&#x69;&#x63;&#x61;&#x6c;&#x2e;&#x6f;&#x72;&#x67;<br \/>\nMontgomery Botanical Center<br \/>\nCoral Gables, Florida, U.S.A.<\/td>\n<\/tr>\n<tr class=\"row-55\">\n\t<td class=\"column-1\"><b>Vanessa Handley<\/b><br \/>\n&#118;&#x61;&#110;&#x65;&#115;&#x73;&#97;&#x40;&#109;&#x6f;&#110;&#x74;&#103;&#x6f;&#109;&#x65;&#114;&#x79;&#98;&#x6f;&#116;&#x61;&#110;&#x69;&#99;&#x61;&#108;&#x2e;&#111;&#x72;&#103;<br \/>\nMontgomery Botanical Center<br \/>\nCoral Gables, Florida, U.S.A.<\/td>\n<\/tr>\n<tr class=\"row-56\">\n\t<td class=\"column-1\"><b>Willie Tang<\/b><br \/>\n&#x77;i&#x6c;&#108;&#x69;&#x61;m&#x2e;&#116;&#x61;&#x6e;g&#x40;&#97;&#x70;&#x68;i&#x73;&#46;&#x75;&#x73;d&#x61;&#46;&#x67;&#x6f;v<br \/>\nUSDA APHIS PPQ South Florida<br \/>\nMiami, Florida, U.S.A.<\/td>\n<\/tr>\n<tr class=\"row-57\">\n\t<td class=\"column-1\"><b>Wynand van Eeden<\/b><br \/>\nUniversity of Stellenbosch<br \/>\n&#x77;&#x79;&#x6e;&#x61;&#110;&#100;&#64;&#97;nan&#x7a;&#x69;&#x2e;&#x63;&#x6f;&#46;&#122;&#97;<\/td>\n<\/tr>\n<\/tbody>\n<\/table>\n<!-- #tablepress-2 from cache -->\n","protected":false},"excerpt":{"rendered":"","protected":false},"author":1,"featured_media":0,"parent":0,"menu_order":0,"comment_status":"closed","ping_status":"closed","template":"","meta":{"_acf_changed":false,"ngg_post_thumbnail":0,"footnotes":""},"class_list":["post-8","page","type-page","status-publish","hentry"],"acf":[],"jetpack_sharing_enabled":true,"_links":{"self":[{"href":"https:\/\/www.cycadgroup.org\/index.php?rest_route=\/wp\/v2\/pages\/8","targetHints":{"allow":["GET"]}}],"collection":[{"href":"https:\/\/www.cycadgroup.org\/index.php?rest_route=\/wp\/v2\/pages"}],"about":[{"href":"https:\/\/www.cycadgroup.org\/index.php?rest_route=\/wp\/v2\/types\/page"}],"author":[{"embeddable":true,"href":"https:\/\/www.cycadgroup.org\/index.php?rest_route=\/wp\/v2\/users\/1"}],"replies":[{"embeddable":true,"href":"https:\/\/www.cycadgroup.org\/index.php?rest_route=%2Fwp%2Fv2%2Fcomments&post=8"}],"version-history":[{"count":12,"href":"https:\/\/www.cycadgroup.org\/index.php?rest_route=\/wp\/v2\/pages\/8\/revisions"}],"predecessor-version":[{"id":833,"href":"https:\/\/www.cycadgroup.org\/index.php?rest_route=\/wp\/v2\/pages\/8\/revisions\/833"}],"wp:attachment":[{"href":"https:\/\/www.cycadgroup.org\/index.php?rest_route=%2Fwp%2Fv2%2Fmedia&parent=8"}],"curies":[{"name":"wp","href":"https:\/\/api.w.org\/{rel}","templated":true}]}}